osite number?
True
Is 877 a composite number?
False
Is 159785 composite?
True
Is 3898 a composite number?
True
Is 201649 composite?
True
Is 1437493 a composite number?
False
Is 643789 prime?
False
Is 708607 a composite number?
True
Is 11027 a prime number?
True
Is 53437 a prime number?
True
Is 583727 a prime number?
True
Is 202399 a prime number?
False
Is 666781 a composite number?
True
Is 15259 prime?
True
Is 1236259 composite?
False
Is 11579 a prime number?
True
Is 46199 composite?
False
Is 2085179 prime?
False
Is 668353 prime?
False
Is 19939 prime?
False
Is 26371 a composite number?
False
Is 1117669 a composite number?
True
Is 4306 a prime number?
False
Is 22501 prime?
True
Is 24607 a prime number?
False
Is 794171 prime?
False
Is 10519 a prime number?
False
Is 907 composite?
False
Is 18113 a composite number?
True
Is 15913 prime?
True
Is 7279 composite?
True
Is 97741 a composite number?
True
Is 4111 composite?
False
Is 628597 composite?
True
Is 88697 a composite number?
True
Is 4197 composite?
True
Is 106937 a prime number?
True
Is 76931 composite?
True
Is 1283 a prime number?
True
Is 24907 prime?
True
Is 120893 a prime number?
False
Is 487177 a prime number?
True
Is 201193 a composite number?
False
Is 166081 composite?
False
Is 214163 composite?
False
Is 28789 a composite number?
False
Is 9383689 a prime number?
False
Is 2053 a prime number?
True
Is 25261 composite?
False
Is 268426 a prime number?
False
Is 399813 composite?
True
Is 39727 prime?
True
Is 160187 prime?
False
Is 6121 composite?
False
Is 11797 prime?
False
Is 161221 composite?
False
Is 100387 composite?
True
Is 198298 a prime number?
False
Is 68993 a composite number?
False
Is 2503 a prime number?
True
Is 113063 prime?
True
Is 8483 prime?
False
Is 1213 a prime number?
True
Is 6764437 a composite number?
True
Is 302711 a composite number?
False
Is 22303 a composite number?
False
Is 167837 a composite number?
True
Is 1337 a prime number?
False
Is 65257 a prime number?
True
Is 129742 prime?
False
Is 1595251 a prime number?
False
Is 623251 a prime number?
False
Is 11551 a composite number?
False
Is 100993 a composite number?
True
Is 851033 prime?
True
Is 15278 a prime number?
False
Is 7043 prime?
True
Is 445 a prime number?
False
Is 438554 composite?
True
Is 21799 a composite number?
False
Is 21839 composite?
False
Is 381245 composite?
True
Is 39723 a prime number?
False
Is 138157 a prime number?
True
Is 72682 a composite number?
True
Is 84587 a prime number?
False
Is 825923 a prime number?
False
Is 8111 a composite number?
False
Is 119543 composite?
True
Is 165442 composite?
True
Is 8069 a prime number?
True
Is 1949 composite?
False
Is 2701 prime?
False
Is 50821 a composite number?
False
Is 8497 composite?
True
Is 4362461 composite?
False
Is 1053691 a composite number?
False
Is 94151 prime?
True
Is 365 a composite number?
True
Is 11783 prime?
True
Is 2181723 a prime number?
False
Is 103343 composite?
True
Is 2411021 prime?
False
Is 5545 prime?
False
Is 11149 a prime number?
True
Is 117329 a composite number?
False
Is 315641 a composite number?
True
Is 2166517 composite?
True
Is 3611 composite?
True
Is 8597 composite?
False
Is 3709 a composite number?
False
Is 991 a composite number?
False
Is 7069 composite?
False
Is 744179 a composite number?
False
Is 384437 a composite number?
False
Is 630659 a composite number?
False
Is 8141 a composite number?
True
Is 8951 prime?
True
Is 85567 prime?
False
Is 167513 a prime number?
False
Is 3503 prime?
False
Is 16997 a prime number?
False
Is 437089 prime?
False
Is 11101 composite?
True
Is 6801 prime?
False
Is 1317 composite?
True
Is 50789 a composite number?
False
Is 7121 a prime number?
True
Is 80039 composite?
False
Is 1253 a composite number?
True
Is 58991 composite?
False
Is 246485 a prime number?
False
Is 585877 a prime number?
True
Is 79069 prime?
False
Is 67885 a composite number?
True
Is 50717 a prime number?
False
Is 470843 a composite number?
True
Is 60709 composite?
True
Is 341207 composite?
True
Is 347897 prime?
False
Is 31531 prime?
True
Is 130358 prime?
False
Is 4391 a prime number?
True
Is 150497 a composite number?
False
Is 2024767 a composite number?
False
Is 33081 a prime number?
False
Is 141937 prime?
True
Is 13283 a prime number?
False
Is 1442369 composite?
True
Is 105601 composite?
False
Is 7621 a composite number?
False
Is 162947 prime?
True
Is 504311 prime?
True
Is 66587 composite?
False
Is 118283 prime?
False
Is 177167 prime?
True
Is 26879 a prime number?
True
Is 95701 prime?
True
Is 108217 prime?
True
Is 39191 composite?
False
Is 34757 a prime number?
True
Is 3216647 composite?
True
Is 21811 a prime number?
False
Is 18331 a composite number?
True
Is 785833 composite?
True
Is 1435043 composite?
True
Is 581477 prime?
False
Is 630799 a composite number?
True
Is 2333 a composite number?
False
Is 428137 a prime number?
True
Is 13859 a composite number?
False
Is 151871 composite?
False
Is 904183 composite?
True
Is 109959 a composite number?
True
Is 481513 a prime number?
True
Is 149861 a composite number?
False
Is 272791 a prime number?
False
Is 443 a prime number?
True
Is 471781 a composite number?
False
Is 411527 a composite number?
False
Is 138017 a prime number?
False
Is 11771 a composite number?
True
Is 43093 composite?
False
Is 264287 prime?
False
Is 97859 a composite number?
False
Is 102437 a composite number?
False
Is 107563 composite?
False
Is 58511 a composite number?
False
Is 5779 a composite number?
False
Is 26029 prime?
True
Is 5711 composite?
False
Is 98711 composite?
False
Is 834979 composite?
True
Is 5087 composite?
False
Is 74 a prime number?
False
Is 246283 composite?
True
Is 4315 a composite number?
True
Is 3307 prime?
True
Is 557927 a prime number?
True
Is 371 a prime number?
False
Is 72989 a composite number?
True
Is 25945 a prime number?
False
Is 170921 composite?
False
Is 13537 prime?
True
Is 633 a prime number?
False
Is 27299 composite?
False
Is 119 composite?
True
Is 7393 a composite number?
False
Is 13607 a composite number?
True
Is 1391011 composite?
False
Is 17597 a prime number?
True
Is 135613 a composite number?
False
Is 316991 a composite number?
False
Is 618479 prime?
False
Is 25523 a prime number?
True
Is 1693169 a prime number?
True
Is 1016695 a prime number?
False
Is 11113 a prime number?
True
Is 62459 a composite number?
False
Is 681403 a prime number?
True
Is 63203 prime?
False
Is 635 composite?
True
Is 624707 prime?
True
Is 2719 composite?
False
Is 569213 a prime number?
True
Is 989233 a composite number?
True
Is 110662 composite?
True
Is 1537 composite?
True
Is 1114169 a prime number?
False
Is 3581 a composite number?
False
Is 111949 prime?
True
Is 2513 prime?
False
Is 68677 composite?
True
Is 856551 prime?
False
Is 4861 prime?
True
Is 59461 a composite number?
True
Is 359 a prime number?
True
Is 11013 a prime number?
False
Is 55609 a prime number?
True
Is 89617 a composite number?
True
Is 26627 prime?
True
Is 1721 prime?
True
Is 5961 a prime number?
False
Is 54127 composite?
True
Is 59581 a prime number?
True
Is 3180887 a composite number?
True
Is 139703 a prime number?
True
Is 43861 prime?
False
Is 1176121 composite?
False
Is 9599 prime?
False
Is 62045 a prime number?
False
Is 647 prime?
True
Is 15937 prime?
True
Is 762661 composite?
True
Is 143329 composite?
False
Is 1280137 a prime number?
False
Is 4561 a prime number?
True
Is 331082 a prime number?
False
Is 4387 composite?
True
Is 12437 a prime number?
True
Is 340435 a prime number?
False
Is 5673199 a composite number?
True
Is 362722 a prime number?
False
Is 638567 prime?
True
Is 47209 a prime number?
False
Is 189797 a prime number?
True
Is 4303 a composite number?
True
Is 18922 a prime number?
False
Is 143615 prime?
False
Is 251 a composite number?
False
Is 1907 composite?
False
Is 877 composite?
False
Is 5218 a composite number?
True
Is 270287 a composite number?
False
Is 23509 a prime number?
True
Is 135143 composite?
True
Is 16487 a prime number?
True
Is 17291 composite?
False
Is 14491 a prime number?
False
Is 35719 prime?
False
Is 19289 prime?
True
Is 56011 composite?
True
Is 195269 a prime number?
False
Is 28114 prime?
False
Is 1991569 prime?
False
Is 10589 prime?
True
Is 17137 composite?
False
Is 27407 a composite number